11 and 168.
21
Calculate the greatest common factor of 57876 and 1428456.
636
What is the highest common divisor of 18517760 and 8160?
2720
What is the greatest common factor of 3160 and 78120?
40
Calculate the greatest common factor of 200 and 2816304.
8
What is the greatest common factor of 1550 and 2372825?
25
Calculate the greatest common factor of 6520 and 1536112.
1304
What is the greatest common factor of 51610026 and 488?
122
What is the greatest common factor of 16072 and 242648?
392
What is the greatest common divisor of 35524265 and 7840?
245
What is the greatest common divisor of 5292 and 35127?
27
What is the greatest common divisor of 9671106 and 6?
6
What is the greatest common factor of 47664 and 17962708?
1324
What is the highest common factor of 49260510 and 180?
90
What is the greatest common divisor of 93660 and 251195?
35
What is the highest common factor of 714071 and 4559?
47
Calculate the greatest common divisor of 906373 and 169.
13
Calculate the highest common factor of 5390 and 145600.
70
Calculate the highest common factor of 12540 and 3175470.
570
Calculate the greatest common divisor of 16 and 121892172.
4
What is the greatest common factor of 648 and 11877273?
81
Calculate the highest common factor of 52260 and 7236.
804
Calculate the greatest common factor of 1842358806 and 9.
9
Calculate the greatest common factor of 1215 and 12689595.
135
What is the greatest common factor of 196485 and 14045?
5
What is the highest common factor of 1073273 and 6256125?
5561
What is the highest common factor of 33183 and 77382?
27
What is the highest common divisor of 368203 and 59279?
187
What is the greatest common divisor of 42039879 and 1218?
609
What is the highest common divisor of 12075866 and 88?
22
What is the greatest common factor of 3599 and 1396107?
61
What is the highest common divisor of 843195202 and 27736?
6934
Calculate the highest common divisor of 575 and 198526225.
575
Calculate the highest common factor of 4015963 and 280630.
1477
Calculate the greatest common divisor of 3616 and 182029440.
3616
What is the highest common factor of 6762754 and 62?
2
Calculate the highest common factor of 3720304 and 17228.
236
Calculate the highest common divisor of 717623 and 44321.
943
What is the highest common divisor of 26912 and 6741920?
928
Calculate the greatest common factor of 254461659 and 645.
129
What is the highest common divisor of 11463542 and 1376?
86
Calculate the greatest common factor of 844033 and 26331.
131
What is the greatest common factor of 351457739 and 142?
71
Calculate the greatest common factor of 10731 and 19768035.
1533
What is the highest common factor of 3840 and 22845?
15
What is the highest common factor of 15023771 and 35?
7
What is the greatest common divisor of 16 and 690649384?
8
What is the greatest common divisor of 1593 and 81420?
177
Calculate the greatest common divisor of 2556922 and 17752.
634
Calculate the highest common factor of 325525121 and 33027.
11009
Calculate the greatest common divisor of 36805379 and 21203.
3029
What is the greatest common factor of 1094 and 106302886?
1094
Calculate the highest common factor of 21155 and 24467873.
4231
Calculate the highest common factor of 17096548 and 2065.
413
What is the greatest common factor of 38724080 and 48?
16
What is the highest common divisor of 1470 and 24133725?
735
Calculate the greatest common factor of 4159214 and 38.
38
Calculate the highest common divisor of 837 and 8585109.
837
Calculate the greatest common factor of 68 and 188151274.
34
What is the greatest common divisor of 23985 and 5283?
9
Calculate the greatest common divisor of 208 and 443824.
16
What is the greatest common factor of 107933600 and 800?
800
Calculate the greatest common divisor of 41778431 and 59.
59
What is the greatest common factor of 1552606 and 6094?
22
What is the greatest common factor of 211348 and 116?
4
Calculate the greatest common factor of 11428431 and 188865.
4197
Calculate the highest common divisor of 543102 and 8920074.
1158
What is the highest common factor of 64 and 1450275376?
16
What is the greatest common factor of 2029861 and 128231?
397
Calculate the highest common divisor of 114 and 6096777.
57
Calculate the highest common divisor of 515762858 and 117.
13
Calculate the greatest common divisor of 190 and 9372434.
38
Calculate the highest common divisor of 67236882 and 60.
6
Calculate the greatest common divisor of 10499639 and 13.
1
What is the highest common divisor of 422 and 293091238?
422
What is the highest common factor of 1323 and 11701935?
1323
What is the highest common divisor of 62522130 and 165?
165
What is the greatest common divisor of 110 and 1981925?
55
What is the greatest common factor of 1266 and 29479443?
633
Calculate the highest common divisor of 3974586 and 3822.
294
Calculate the highest common factor of 1053247516 and 1868.
1868
Calculate the greatest common divisor of 71793 and 763803.
27
What is the highest common factor of 16068525 and 18645?
165
What is the highest common divisor of 5004 and 13394596?
556
What is the highest common divisor of 10183110 and 3248?
14
What is the highest common divisor of 2175 and 28081512?
87
What is the highest common divisor of 7152899 and 182?
13
What is the highest common factor of 63894 and 3036?
138
Calculate the greatest common divisor of 1063209 and 20094.
591
Calculate the greatest common divisor of 1827 and 2640421.
203
What is the highest common factor of 147240 and 11515804?
1636
What is the highest common factor of 114 and 185089526?
38
Calculate the greatest common divisor of 6 and 1877658.
6
Calculate the greatest common divisor of 1896 and 35750265.
237
What is the highest common divisor of 187560 and 3617640?
360
Calculate the highest common divisor of 65649697 and 113917.
6701
What is the greatest common factor of 17536 and 7818496?
128
Calculate the highest common divisor of 36777 and 69492499.
943
What is the highest common factor of 30 and 1563190?
10
What is the greatest common factor of 16293260 and 3287?
19
Calculate the greatest common divisor of 13046 and 11578325.
6523
What is the greatest common divisor of 8992 and 164947?
281
Calculate the highest common factor of 349518 and 1794.
78
What is the greatest common divisor of 266 and 4359911?
19
What is the highest common divisor of 4186182 and 28210?
182
Calculate the highest common divisor of 42792750 and 266.
266
Calculate the highest common divisor of 240411200 and 341.
31
Calculate the highest common factor of 332869 and 81841.
367
What is the greatest common divisor of 296 and 6059009?
37
Calculate the highest common factor of 69882567 and 106.
53
Calculate the greatest common factor of 170578 and 101558.
986
Calculate the greatest common factor of 966 and 5608274.
322
Calculate the highest common divisor of 1530265645 and 505.
505
Calculate the greatest common divisor of 6116719 and 80801.
833
Calculate the greatest common factor of 168790 and 650.
10
Calculate the greatest common factor of 346818609 and 19.
19
What is the greatest common factor of 1059 and 38559?
3
What is the highest common divisor of 140 and 10749410?
70
Calculate the greatest common divisor of 63523741 and 2147.
113
What is the highest common factor of 6898345 and 697?
17
Calculate the greatest common factor of 1047 and 1112284289.
349
Calculate the greatest common divisor of 4041337 and 3140.
157
What is the highest common divisor of 2678 and 3357182?
206
What is the greatest common divisor of 1843515 and 1570017?
1731
Calculate the greatest common factor of 898805616 and 10848.
5424
What is the highest common factor of 4787966 and 24734?
298
Calculate the highest common divisor of 21 and 117482463.
21
What is the highest common divisor of 74093965 and 165?
55
What is the highest common factor of 1042846760 and 4?
4
What is the highest common divisor of 55852887 and 7108?
1777
What is the greatest common divisor of 34398854 and 714?
238
What is the greatest common divisor of 2171 and 255009?
167
Calculate the highest common divisor of 174 and 8358757.
29
What is the highest common factor of 780 and 776994270?
390
What is the greatest common factor of 638 and 1211254?
22
What is the greatest common fa